{"id":3191,"date":"2020-11-14T15:42:20","date_gmt":"2020-11-14T14:42:20","guid":{"rendered":"https:\/\/chocolateriehenri4.com\/?page_id=3191"},"modified":"2023-02-24T09:38:43","modified_gmt":"2023-02-24T08:38:43","slug":"livraison-tarifs","status":"publish","type":"page","link":"https:\/\/chocolateriehenri4.com\/index.php\/livraison-tarifs\/","title":{"rendered":"LIVRAISONS"},"content":{"rendered":"<p><div class=\"fusion-fullwidth fullwidth-box fusion-builder-row-1 fusion-flex-container meri nonhundred-percent-fullwidth non-hundred-percent-height-scrolling\" style=\"background-color: #ffffff;background-position: center center;background-repeat: no-repeat;border-width: 0px 0px 0px 0px;border-color:#ececed;border-style:solid;\" ><div class=\"fusion-builder-row fusion-row fusion-flex-align-items-flex-start fusion-flex-justify-content-center\" style=\"max-width:calc( 1200px + 0px );margin-left: calc(-0px \/ 2 );margin-right: calc(-0px \/ 2 );\"><div class=\"fusion-layout-column fusion_builder_column fusion-builder-column-0 fusion_builder_column_1_1 1_1 fusion-flex-column\"><div class=\"fusion-column-wrapper fusion-flex-justify-content-flex-start fusion-content-layout-column\" style=\"background-position:left top;background-repeat:no-repeat;-webkit-background-size:cover;-moz-background-size:cover;-o-background-size:cover;background-size:cover;padding: 0px 0px 0px 0px;\"><style type=\"text\/css\">@media only screen and (max-width:900px) {.fusion-title.fusion-title-1{margin-top:10px!important;margin-bottom:15px!important;}}@media only screen and (max-width:640px) {.fusion-title.fusion-title-1{margin-top:10px!important;margin-bottom:15px!important;}}<\/style><div class=\"fusion-title title fusion-title-1 fusion-sep-none fusion-title-text fusion-title-size-six\" style=\"margin-top:10px;margin-bottom:15px;\"><h6 class=\"title-heading-left\" style=\"margin:0;\">LIVRAISON DE PRALINES AU GRE DE VOS ENVIES<\/h6><\/div><div class=\"fusion-text fusion-text-1\" style=\"transform:translate3d(0,0,0);\"><h1>Livraisons et tarifs<\/h1>\n<\/div><div class=\"fusion-text fusion-text-2\" style=\"transform:translate3d(0,0,0);\"><p>La Chocolaterie vous propose divers types de livraisons. Tous les paiements effectu\u00e9s sur la boutique sont s\u00e9curis\u00e9s.<\/p>\n<p>N&rsquo;h\u00e9sitez pas \u00e0 nous contacter au +32 2 216 23 17.<\/p>\n<\/div><div class=\"fusion-text fusion-text-3\" style=\"transform:translate3d(0,0,0);\"><h3>Retrait en magasin<\/h3>\n<p>Une fois votre commande pass\u00e9e, rendez-vous \u00e0 <a href=\"https:\/\/chocolateriehenri4.com\/index.php\/contact\/\">la chocolaterie<\/a> pour prendre possession de votre commande.<\/p>\n<h3>Livraison par la chocolaterie ou par Mondial Relay<\/h3>\n<p>Pour tout achat de minimum 25 \u20ac, vous avez la possibilit\u00e9 d&rsquo;opter pour une livraison personnalis\u00e9e par la boutique, r\u00e9alis\u00e9e \u00e0 Bruxelles et environs end\u00e9ans les 48 heures. Vous pouvez aussi opter pour une livraison de votre commande dans votre point relais &lsquo;Mondial Relay&rsquo;.<\/p>\n<p>Les livraisons en express sont r\u00e9alis\u00e9es sur demande, n&rsquo;h\u00e9sitez pas \u00e0 contacter la boutique.<\/p>\n<h3>Tarifs livraisons Belgique et Europe<\/h3>\n<p>Service personnalis\u00e9, livraison par la boutique (commande minimum 25 \u20ac):<\/p>\n<ul>\n<li>Bruxelles 19 communes et petite p\u00e9riph\u00e9rie Bruxelloise: 10 \u20ac<\/li>\n<li>Livraison en express: contacter la boutique<\/li>\n<\/ul>\n<h3>Informations indispensables afin d\u2019assurer le bon d\u00e9roulement de la livraison<\/h3>\n<p>Nom, pr\u00e9nom et adresse compl\u00e8te<\/p>\n<p><span style=\"color: var(--body_typography-color); font-family: var(--body_typography-font-family); font-size: var(--body_typography-font-size); font-style: var(--body_typography-font-style,normal); letter-spacing: var(--body_typography-letter-spacing);\">Num\u00e9ro de t\u00e9l\u00e9phone<\/span><\/p>\n<p>Message \u00e0 ajouter (<a href=\"https:\/\/chocolateriehenri4.com\/index.php\/product\/card-message\/\">carte \u00e0 1,5 \u20ac<\/a>):\u00a0Joyeux anniversaire, F\u00e9licitations, Merci ou Prompt r\u00e9tablissement.<\/p>\n<\/div><\/div><\/div><style type=\"text\/css\">.fusion-body .fusion-builder-column-0{width:100% !important;margin-top : 60px;margin-bottom : 60px;}.fusion-builder-column-0 > .fusion-column-wrapper {padding-top : 0px !important;padding-right : 0px !important;margin-right : 0px;padding-bottom : 0px !important;padding-left : 0px !important;margin-left : 0px;}@media only screen and (max-width:900px) {.fusion-body .fusion-builder-column-0{width:80% !important;}.fusion-builder-column-0 > .fusion-column-wrapper {margin-right : 0px;margin-left : 0px;}}@media only screen and (max-width:640px) {.fusion-body .fusion-builder-column-0{width:100% !important;}.fusion-builder-column-0 > .fusion-column-wrapper {margin-right : 0px;margin-left : 0px;}}<\/style><\/div><style type=\"text\/css\">.fusion-body .fusion-flex-container.fusion-builder-row-1{ padding-top : 2%;margin-top : 0px;padding-right : 0px;padding-bottom : 4%;margin-bottom : 0px;padding-left : 0px;}<\/style><\/div><div class=\"fusion-fullwidth fullwidth-box fusion-builder-row-2 fusion-flex-container fusion-parallax-none nonhundred-percent-fullwidth non-hundred-percent-height-scrolling\" style=\"background-color: rgba(255,255,255,0);background-image: url(&quot;http:\/\/chocolateriehenri4.com\/wp-content\/uploads\/2021\/03\/Webshop-banner-Henri-IV-1-scaled.jpg&quot;);background-position: left center;background-repeat: no-repeat;border-width: 0px 0px 0px 0px;border-color:#ececed;border-style:solid;-webkit-background-size:cover;-moz-background-size:cover;-o-background-size:cover;background-size:cover;\" ><div class=\"fusion-builder-row fusion-row fusion-flex-align-items-flex-start\" style=\"max-width:calc( 1200px + 0px );margin-left: calc(-0px \/ 2 );margin-right: calc(-0px \/ 2 );\"><div class=\"fusion-layout-column fusion_builder_column fusion-builder-column-1 fusion_builder_column_3_5 3_5 fusion-flex-column fusion-animated\" data-animationType=\"fadeIn\" data-animationDuration=\"1.0\" data-animationOffset=\"100%\"><div class=\"fusion-column-wrapper fusion-flex-justify-content-flex-start fusion-content-layout-column\" style=\"background-position:left top;background-repeat:no-repeat;-webkit-background-size:cover;-moz-background-size:cover;-o-background-size:cover;background-size:cover;padding: 0px 0px 0px 0px;\"><style type=\"text\/css\">@media only screen and (max-width:900px) {.fusion-title.fusion-title-2{margin-top:10px!important;margin-bottom:15px!important;}}@media only screen and (max-width:640px) {.fusion-title.fusion-title-2{margin-top:10px!important;margin-bottom:15px!important;}}<\/style><div class=\"fusion-title title fusion-title-2 fusion-sep-none fusion-title-text fusion-title-size-six\" style=\"margin-top:10px;margin-bottom:15px;\"><h6 class=\"title-heading-left\" style=\"margin:0;color:rgba(255,255,255,0.7);\"><\/h6><\/div><style type=\"text\/css\">@media only screen and (max-width:900px) {.fusion-title.fusion-title-3{margin-top:10px!important;margin-bottom:15px!important;}}@media only screen and (max-width:640px) {.fusion-title.fusion-title-3{margin-top:10px!important;margin-bottom:15px!important;}}<\/style><div class=\"fusion-title title fusion-title-3 fusion-sep-none fusion-title-text fusion-title-size-two\" style=\"font-size:48px;margin-top:10px;margin-bottom:15px;\"><h2 class=\"title-heading-left\" style=\"margin:0;font-size:1em;line-height:1.26;color:#ffffff;\">Tous nos produits sont disponibles \u00e0 la boutique ou sur notre webshop<\/h2><\/div><div class=\"fusion-separator fusion-full-width-sep\" style=\"align-self: center;margin-left: auto;margin-right: auto;margin-top:5%;margin-bottom:5%;width:100%;\"><\/div><div ><style type=\"text\/css\">.fusion-button.button-1 .fusion-button-text, .fusion-button.button-1 i {color:#ffffff;}.fusion-button.button-1 .fusion-button-icon-divider{border-color:#ffffff;}.fusion-button.button-1:hover .fusion-button-text, .fusion-button.button-1:hover i,.fusion-button.button-1:focus .fusion-button-text, .fusion-button.button-1:focus i,.fusion-button.button-1:active .fusion-button-text, .fusion-button.button-1:active{color:#ffffff;}.fusion-button.button-1:hover .fusion-button-icon-divider, .fusion-button.button-1:hover .fusion-button-icon-divider, .fusion-button.button-1:active .fusion-button-icon-divider{border-color:#ffffff;}.fusion-button.button-1:hover, .fusion-button.button-1:focus, .fusion-button.button-1:active{border-color:#ffffff;border-width:0px;}.fusion-button.button-1 {border-color:#ffffff;border-width:0px;border-radius:6px;}.fusion-button.button-1{background: #a5965f;}.fusion-button.button-1:hover,.button-1:focus,.fusion-button.button-1:active{background: #a5965f;}<\/style><a class=\"fusion-button button-flat button-xlarge button-custom button-1 fusion-button-default-span fusion-button-default-type\" target=\"_self\" href=\"https:\/\/chocolateriehenri4.com\/index.php\/la-boutique\/\"><span class=\"fusion-button-text\">D\u00e9marrez votre shopping<\/span><\/a><\/div><\/div><\/div><style type=\"text\/css\">.fusion-body .fusion-builder-column-1{width:60% !important;margin-top : 30px;margin-bottom : 40px;}.fusion-builder-column-1 > .fusion-column-wrapper {padding-top : 0px !important;padding-right : 0px !important;margin-right : calc( 0.05 * calc( 100% - 0px ) );padding-bottom : 0px !important;padding-left : 0px !important;margin-left : 0px;}@media only screen and (max-width:900px) {.fusion-body .fusion-builder-column-1{width:100% !important;}.fusion-builder-column-1 > .fusion-column-wrapper {margin-right : 0px;margin-left : 0px;}}@media only screen and (max-width:640px) {.fusion-body .fusion-builder-column-1{width:100% !important;}.fusion-builder-column-1 > .fusion-column-wrapper {margin-right : 0px;margin-left : 0px;}}<\/style><\/div><style type=\"text\/css\">.fusion-body .fusion-flex-container.fusion-builder-row-2{ padding-top : 4%;margin-top : 0px;padding-right : 0px;padding-bottom : 0px;margin-bottom : 0px;padding-left : 7%;}<\/style><\/div>\n<\/p>\n","protected":false},"excerpt":{"rendered":"","protected":false},"author":1,"featured_media":0,"parent":0,"menu_order":0,"comment_status":"closed","ping_status":"closed","template":"100-width.php","meta":{"footnotes":""},"class_list":["post-3191","page","type-page","status-publish","hentry"],"yoast_head":"<!-- This site is optimized with the Yoast SEO plugin v27.1.1 - https:\/\/yoast.com\/product\/yoast-seo-wordpress\/ -->\n<title>Chocolaterie Henri IV - Livraison et tarifs<\/title>\n<meta name=\"description\" content=\"Chocolaterie Artisanale Henri IV \u2713 Boutique Schaerbeek \u2713 Webshop \u2713 Livraison rapide et soign\u00e9e en Europe \u2713 Paiement s\u00e9curis\u00e9\" \/>\n<meta name=\"robots\" content=\"index, follow, max-snippet:-1, max-image-preview:large, max-video-preview:-1\" \/>\n<link rel=\"canonical\" href=\"https:\/\/chocolateriehenri4.com\/index.php\/livraison-tarifs\/\" \/>\n<meta property=\"og:locale\" content=\"fr_FR\" \/>\n<meta property=\"og:type\" content=\"article\" \/>\n<meta property=\"og:title\" content=\"Chocolaterie Henri IV - Livraison et tarifs\" \/>\n<meta property=\"og:description\" content=\"Chocolaterie Artisanale Henri IV \u2713 Boutique Schaerbeek \u2713 Webshop \u2713 Livraison rapide et soign\u00e9e en Europe \u2713 Paiement s\u00e9curis\u00e9\" \/>\n<meta property=\"og:url\" content=\"https:\/\/chocolateriehenri4.com\/index.php\/livraison-tarifs\/\" \/>\n<meta property=\"og:site_name\" content=\"Chocolaterie Henri IV\" \/>\n<meta property=\"article:publisher\" content=\"https:\/\/www.facebook.com\/chocolateriehenri4\" \/>\n<meta property=\"article:modified_time\" content=\"2023-02-24T08:38:43+00:00\" \/>\n<meta name=\"twitter:card\" content=\"summary_large_image\" \/>\n<meta name=\"twitter:label1\" content=\"Dur\u00e9e de lecture estim\u00e9e\" \/>\n\t<meta name=\"twitter:data1\" content=\"4 minutes\" \/>\n<script type=\"application\/ld+json\" class=\"yoast-schema-graph\">{\"@context\":\"https:\/\/schema.org\",\"@graph\":[{\"@type\":\"WebPage\",\"@id\":\"https:\/\/chocolateriehenri4.com\/index.php\/livraison-tarifs\/\",\"url\":\"https:\/\/chocolateriehenri4.com\/index.php\/livraison-tarifs\/\",\"name\":\"Chocolaterie Henri IV - Livraison et tarifs\",\"isPartOf\":{\"@id\":\"https:\/\/chocolateriehenri4.com\/#website\"},\"datePublished\":\"2020-11-14T14:42:20+00:00\",\"dateModified\":\"2023-02-24T08:38:43+00:00\",\"description\":\"Chocolaterie Artisanale Henri IV \u2713 Boutique Schaerbeek \u2713 Webshop \u2713 Livraison rapide et soign\u00e9e en Europe \u2713 Paiement s\u00e9curis\u00e9\",\"breadcrumb\":{\"@id\":\"https:\/\/chocolateriehenri4.com\/index.php\/livraison-tarifs\/#breadcrumb\"},\"inLanguage\":\"fr-FR\",\"potentialAction\":[{\"@type\":\"ReadAction\",\"target\":[\"https:\/\/chocolateriehenri4.com\/index.php\/livraison-tarifs\/\"]}]},{\"@type\":\"BreadcrumbList\",\"@id\":\"https:\/\/chocolateriehenri4.com\/index.php\/livraison-tarifs\/#breadcrumb\",\"itemListElement\":[{\"@type\":\"ListItem\",\"position\":1,\"name\":\"Accueil\",\"item\":\"https:\/\/chocolateriehenri4.com\/\"},{\"@type\":\"ListItem\",\"position\":2,\"name\":\"LIVRAISONS\"}]},{\"@type\":\"WebSite\",\"@id\":\"https:\/\/chocolateriehenri4.com\/#website\",\"url\":\"https:\/\/chocolateriehenri4.com\/\",\"name\":\"Chocolaterie Henri IV\",\"description\":\"La passion au service de votre gourmandise\",\"publisher\":{\"@id\":\"https:\/\/chocolateriehenri4.com\/#organization\"},\"potentialAction\":[{\"@type\":\"SearchAction\",\"target\":{\"@type\":\"EntryPoint\",\"urlTemplate\":\"https:\/\/chocolateriehenri4.com\/?s={search_term_string}\"},\"query-input\":{\"@type\":\"PropertyValueSpecification\",\"valueRequired\":true,\"valueName\":\"search_term_string\"}}],\"inLanguage\":\"fr-FR\"},{\"@type\":\"Organization\",\"@id\":\"https:\/\/chocolateriehenri4.com\/#organization\",\"name\":\"Chocolaterie Henri IV\",\"url\":\"https:\/\/chocolateriehenri4.com\/\",\"logo\":{\"@type\":\"ImageObject\",\"inLanguage\":\"fr-FR\",\"@id\":\"https:\/\/chocolateriehenri4.com\/#\/schema\/logo\/image\/\",\"url\":\"https:\/\/chocolateriehenri4.com\/wp-content\/uploads\/2021\/01\/Henri-IV-fonddore-1.jpg\",\"contentUrl\":\"https:\/\/chocolateriehenri4.com\/wp-content\/uploads\/2021\/01\/Henri-IV-fonddore-1.jpg\",\"width\":850,\"height\":850,\"caption\":\"Chocolaterie Henri IV\"},\"image\":{\"@id\":\"https:\/\/chocolateriehenri4.com\/#\/schema\/logo\/image\/\"},\"sameAs\":[\"https:\/\/www.facebook.com\/chocolateriehenri4\",\"https:\/\/www.instagram.com\/chocolaterie_henri4\/\"]}]}<\/script>\n<!-- \/ Yoast SEO plugin. -->","yoast_head_json":{"title":"Chocolaterie Henri IV - Livraison et tarifs","description":"Chocolaterie Artisanale Henri IV \u2713 Boutique Schaerbeek \u2713 Webshop \u2713 Livraison rapide et soign\u00e9e en Europe \u2713 Paiement s\u00e9curis\u00e9","robots":{"index":"index","follow":"follow","max-snippet":"max-snippet:-1","max-image-preview":"max-image-preview:large","max-video-preview":"max-video-preview:-1"},"canonical":"https:\/\/chocolateriehenri4.com\/index.php\/livraison-tarifs\/","og_locale":"fr_FR","og_type":"article","og_title":"Chocolaterie Henri IV - Livraison et tarifs","og_description":"Chocolaterie Artisanale Henri IV \u2713 Boutique Schaerbeek \u2713 Webshop \u2713 Livraison rapide et soign\u00e9e en Europe \u2713 Paiement s\u00e9curis\u00e9","og_url":"https:\/\/chocolateriehenri4.com\/index.php\/livraison-tarifs\/","og_site_name":"Chocolaterie Henri IV","article_publisher":"https:\/\/www.facebook.com\/chocolateriehenri4","article_modified_time":"2023-02-24T08:38:43+00:00","twitter_card":"summary_large_image","twitter_misc":{"Dur\u00e9e de lecture estim\u00e9e":"4 minutes"},"schema":{"@context":"https:\/\/schema.org","@graph":[{"@type":"WebPage","@id":"https:\/\/chocolateriehenri4.com\/index.php\/livraison-tarifs\/","url":"https:\/\/chocolateriehenri4.com\/index.php\/livraison-tarifs\/","name":"Chocolaterie Henri IV - Livraison et tarifs","isPartOf":{"@id":"https:\/\/chocolateriehenri4.com\/#website"},"datePublished":"2020-11-14T14:42:20+00:00","dateModified":"2023-02-24T08:38:43+00:00","description":"Chocolaterie Artisanale Henri IV \u2713 Boutique Schaerbeek \u2713 Webshop \u2713 Livraison rapide et soign\u00e9e en Europe \u2713 Paiement s\u00e9curis\u00e9","breadcrumb":{"@id":"https:\/\/chocolateriehenri4.com\/index.php\/livraison-tarifs\/#breadcrumb"},"inLanguage":"fr-FR","potentialAction":[{"@type":"ReadAction","target":["https:\/\/chocolateriehenri4.com\/index.php\/livraison-tarifs\/"]}]},{"@type":"BreadcrumbList","@id":"https:\/\/chocolateriehenri4.com\/index.php\/livraison-tarifs\/#breadcrumb","itemListElement":[{"@type":"ListItem","position":1,"name":"Accueil","item":"https:\/\/chocolateriehenri4.com\/"},{"@type":"ListItem","position":2,"name":"LIVRAISONS"}]},{"@type":"WebSite","@id":"https:\/\/chocolateriehenri4.com\/#website","url":"https:\/\/chocolateriehenri4.com\/","name":"Chocolaterie Henri IV","description":"La passion au service de votre gourmandise","publisher":{"@id":"https:\/\/chocolateriehenri4.com\/#organization"},"potentialAction":[{"@type":"SearchAction","target":{"@type":"EntryPoint","urlTemplate":"https:\/\/chocolateriehenri4.com\/?s={search_term_string}"},"query-input":{"@type":"PropertyValueSpecification","valueRequired":true,"valueName":"search_term_string"}}],"inLanguage":"fr-FR"},{"@type":"Organization","@id":"https:\/\/chocolateriehenri4.com\/#organization","name":"Chocolaterie Henri IV","url":"https:\/\/chocolateriehenri4.com\/","logo":{"@type":"ImageObject","inLanguage":"fr-FR","@id":"https:\/\/chocolateriehenri4.com\/#\/schema\/logo\/image\/","url":"https:\/\/chocolateriehenri4.com\/wp-content\/uploads\/2021\/01\/Henri-IV-fonddore-1.jpg","contentUrl":"https:\/\/chocolateriehenri4.com\/wp-content\/uploads\/2021\/01\/Henri-IV-fonddore-1.jpg","width":850,"height":850,"caption":"Chocolaterie Henri IV"},"image":{"@id":"https:\/\/chocolateriehenri4.com\/#\/schema\/logo\/image\/"},"sameAs":["https:\/\/www.facebook.com\/chocolateriehenri4","https:\/\/www.instagram.com\/chocolaterie_henri4\/"]}]}},"_links":{"self":[{"href":"https:\/\/chocolateriehenri4.com\/index.php\/wp-json\/wp\/v2\/pages\/3191","targetHints":{"allow":["GET"]}}],"collection":[{"href":"https:\/\/chocolateriehenri4.com\/index.php\/wp-json\/wp\/v2\/pages"}],"about":[{"href":"https:\/\/chocolateriehenri4.com\/index.php\/wp-json\/wp\/v2\/types\/page"}],"author":[{"embeddable":true,"href":"https:\/\/chocolateriehenri4.com\/index.php\/wp-json\/wp\/v2\/users\/1"}],"replies":[{"embeddable":true,"href":"https:\/\/chocolateriehenri4.com\/index.php\/wp-json\/wp\/v2\/comments?post=3191"}],"version-history":[{"count":66,"href":"https:\/\/chocolateriehenri4.com\/index.php\/wp-json\/wp\/v2\/pages\/3191\/revisions"}],"predecessor-version":[{"id":4298,"href":"https:\/\/chocolateriehenri4.com\/index.php\/wp-json\/wp\/v2\/pages\/3191\/revisions\/4298"}],"wp:attachment":[{"href":"https:\/\/chocolateriehenri4.com\/index.php\/wp-json\/wp\/v2\/media?parent=3191"}],"curies":[{"name":"wp","href":"https:\/\/api.w.org\/{rel}","templated":true}]}}